{"id":549,"date":"2018-03-04T16:15:11","date_gmt":"2018-03-04T16:15:11","guid":{"rendered":"http:\/\/g-tool.ch\/?page_id=549"},"modified":"2020-01-03T15:22:03","modified_gmt":"2020-01-03T15:22:03","slug":"schleifwerkzeuge","status":"publish","type":"page","link":"https:\/\/g-tool.ch\/wordpress\/?page_id=549","title":{"rendered":"Schleifwerkzeuge"},"content":{"rendered":"<p>Diese Schleifwerkzeuge geben dem Profil den letzten Schliff!<\/p>\n<p>Einsatzbereiche Schleifwerkzeuge:<\/p>\n<ul>\n<li><strong>Treppenbau<\/strong> f\u00fcr Treppenwangen und Handl\u00e4ufe<\/li>\n<li><strong>Fensterbau<\/strong> f\u00fcr Rahmen, Fl\u00fcgel, Glasleisten<\/li>\n<li><strong>T\u00fcren und Fronten <\/strong>f\u00fcr Abplattungen und Zierprofile<\/li>\n<li><strong>Profilbretter<\/strong> f\u00fcr die profilierte Fl\u00e4che oder Seite<\/li>\n<li><strong>Leistenfabrikation <\/strong>f\u00fcr profilierte und gerade Kanten<\/li>\n<li><strong>Holzbau<\/strong> f\u00fcr Leimholzbinder<\/li>\n<\/ul>\n<div id='gallery-1' class='gallery galleryid-549 gallery-columns-2 gallery-size-thumbnail'><figure class='gallery-item'>\n\t\t\t<div class='gallery-icon landscape'>\n\t\t\t\t<a href='https:\/\/g-tool.ch\/wordpress\/wp-content\/uploads\/2016\/12\/Schleifen-Kopf-1-e1549729803472.jpeg' rel=\"lightbox[549]\"><img loading=\"lazy\" decoding=\"async\" width=\"150\" height=\"150\" src=\"https:\/\/g-tool.ch\/wordpress\/wp-content\/uploads\/2016\/12\/Schleifen-Kopf-1-e1549729803472-150x150.jpeg\" class=\"attachment-thumbnail size-thumbnail\" alt=\"\" aria-describedby=\"gallery-1-496\" srcset=\"https:\/\/g-tool.ch\/wordpress\/wp-content\/uploads\/2016\/12\/Schleifen-Kopf-1-e1549729803472-150x150.jpeg 150w, https:\/\/g-tool.ch\/wordpress\/wp-content\/uploads\/2016\/12\/Schleifen-Kopf-1-e1549729803472-100x100.jpeg 100w, https:\/\/g-tool.ch\/wordpress\/wp-content\/uploads\/2016\/12\/Schleifen-Kopf-1-e1549729803472-144x144.jpeg 144w\" sizes=\"auto, 100vw\" \/><\/a>\n\t\t\t<\/div>\n\t\t\t\t<figcaption class='wp-caption-text gallery-caption' id='gallery-1-496'>\n\t\t\t\tSchleifkopf auf Abbundanlage\n\t\t\t\t<\/figcaption><\/figure><figure class='gallery-item'>\n\t\t\t<div class='gallery-icon portrait'>\n\t\t\t\t<a href='https:\/\/g-tool.ch\/wordpress\/wp-content\/uploads\/2016\/12\/Schleifen-Kopf-3-e1520183141386.jpeg' rel=\"lightbox[549]\"><img loading=\"lazy\" decoding=\"async\" width=\"150\" height=\"150\" src=\"https:\/\/g-tool.ch\/wordpress\/wp-content\/uploads\/2016\/12\/Schleifen-Kopf-3-e1510325074521-150x150.jpeg\" class=\"attachment-thumbnail size-thumbnail\" alt=\"\" aria-describedby=\"gallery-1-497\" srcset=\"https:\/\/g-tool.ch\/wordpress\/wp-content\/uploads\/2016\/12\/Schleifen-Kopf-3-e1510325074521-150x150.jpeg 150w, https:\/\/g-tool.ch\/wordpress\/wp-content\/uploads\/2016\/12\/Schleifen-Kopf-3-e1510325074521-100x100.jpeg 100w\" sizes=\"auto, 100vw\" \/><\/a>\n\t\t\t<\/div>\n\t\t\t\t<figcaption class='wp-caption-text gallery-caption' id='gallery-1-497'>\n\t\t\t\tSchleifelemente auswechselbar\n\t\t\t\t<\/figcaption><\/figure><figure class='gallery-item'>\n\t\t\t<div class='gallery-icon landscape'>\n\t\t\t\t<a href='https:\/\/g-tool.ch\/wordpress\/wp-content\/uploads\/2018\/03\/IMG_4026-e1520178877212.jpg' rel=\"lightbox[549]\"><img loading=\"lazy\" decoding=\"async\" width=\"150\" height=\"150\" src=\"https:\/\/g-tool.ch\/wordpress\/wp-content\/uploads\/2018\/03\/IMG_4026-150x150.jpg\" class=\"attachment-thumbnail size-thumbnail\" alt=\"\" aria-describedby=\"gallery-1-535\" srcset=\"https:\/\/g-tool.ch\/wordpress\/wp-content\/uploads\/2018\/03\/IMG_4026-150x150.jpg 150w, https:\/\/g-tool.ch\/wordpress\/wp-content\/uploads\/2018\/03\/IMG_4026-144x144.jpg 144w, https:\/\/g-tool.ch\/wordpress\/wp-content\/uploads\/2018\/03\/IMG_4026-100x100.jpg 100w\" sizes=\"auto, 100vw\" \/><\/a>\n\t\t\t<\/div>\n\t\t\t\t<figcaption class='wp-caption-text gallery-caption' id='gallery-1-535'>\n\t\t\t\tWechsel der Schleifsegmente\n\t\t\t\t<\/figcaption><\/figure><figure class='gallery-item'>\n\t\t\t<div class='gallery-icon landscape'>\n\t\t\t\t<a href='https:\/\/g-tool.ch\/wordpress\/wp-content\/uploads\/2018\/03\/index_10_1.png' rel=\"lightbox[549]\"><img loading=\"lazy\" decoding=\"async\" width=\"150\" height=\"150\" src=\"https:\/\/g-tool.ch\/wordpress\/wp-content\/uploads\/2018\/03\/index_10_1-150x150.png\" class=\"attachment-thumbnail size-thumbnail\" alt=\"\" srcset=\"https:\/\/g-tool.ch\/wordpress\/wp-content\/uploads\/2018\/03\/index_10_1-150x150.png 150w, https:\/\/g-tool.ch\/wordpress\/wp-content\/uploads\/2018\/03\/index_10_1-144x144.png 144w, https:\/\/g-tool.ch\/wordpress\/wp-content\/uploads\/2018\/03\/index_10_1-100x100.png 100w\" sizes=\"auto, 100vw\" \/><\/a>\n\t\t\t<\/div><\/figure><figure class='gallery-item'>\n\t\t\t<div class='gallery-icon landscape'>\n\t\t\t\t<a href='https:\/\/g-tool.ch\/wordpress\/wp-content\/uploads\/2018\/03\/index22_1.png' rel=\"lightbox[549]\"><img loading=\"lazy\" decoding=\"async\" width=\"150\" height=\"150\" src=\"https:\/\/g-tool.ch\/wordpress\/wp-content\/uploads\/2018\/03\/index22_1-150x150.png\" class=\"attachment-thumbnail size-thumbnail\" alt=\"\" aria-describedby=\"gallery-1-538\" srcset=\"https:\/\/g-tool.ch\/wordpress\/wp-content\/uploads\/2018\/03\/index22_1-150x150.png 150w, https:\/\/g-tool.ch\/wordpress\/wp-content\/uploads\/2018\/03\/index22_1-144x144.png 144w, https:\/\/g-tool.ch\/wordpress\/wp-content\/uploads\/2018\/03\/index22_1-100x100.png 100w\" sizes=\"auto, 100vw\" \/><\/a>\n\t\t\t<\/div>\n\t\t\t\t<figcaption class='wp-caption-text gallery-caption' id='gallery-1-538'>\n\t\t\t\tZiernuten\n\t\t\t\t<\/figcaption><\/figure><figure class='gallery-item'>\n\t\t\t<div class='gallery-icon landscape'>\n\t\t\t\t<a href='https:\/\/g-tool.ch\/wordpress\/wp-content\/uploads\/2018\/03\/th_galerie-2.png.jpg' rel=\"lightbox[549]\"><img loading=\"lazy\" decoding=\"async\" width=\"150\" height=\"135\" src=\"https:\/\/g-tool.ch\/wordpress\/wp-content\/uploads\/2018\/03\/th_galerie-2.png-150x135.jpg\" class=\"attachment-thumbnail size-thumbnail\" alt=\"\" aria-describedby=\"gallery-1-539\" sizes=\"auto, 100vw\" \/><\/a>\n\t\t\t<\/div>\n\t\t\t\t<figcaption class='wp-caption-text gallery-caption' id='gallery-1-539'>\n\t\t\t\tAbplattung im Stapel\n\t\t\t\t<\/figcaption><\/figure><figure class='gallery-item'>\n\t\t\t<div class='gallery-icon landscape'>\n\t\t\t\t<a href='https:\/\/g-tool.ch\/wordpress\/wp-content\/uploads\/2018\/03\/th_galerie-3.png.jpg' rel=\"lightbox[549]\"><img loading=\"lazy\" decoding=\"async\" width=\"150\" height=\"148\" src=\"https:\/\/g-tool.ch\/wordpress\/wp-content\/uploads\/2018\/03\/th_galerie-3.png-150x148.jpg\" class=\"attachment-thumbnail size-thumbnail\" alt=\"\" aria-describedby=\"gallery-1-540\" srcset=\"https:\/\/g-tool.ch\/wordpress\/wp-content\/uploads\/2018\/03\/th_galerie-3.png-150x148.jpg 150w, https:\/\/g-tool.ch\/wordpress\/wp-content\/uploads\/2018\/03\/th_galerie-3.png-100x100.jpg 100w\" sizes=\"auto, 100vw\" \/><\/a>\n\t\t\t<\/div>\n\t\t\t\t<figcaption class='wp-caption-text gallery-caption' id='gallery-1-540'>\n\t\t\t\tSegmentstreifen\n\t\t\t\t<\/figcaption><\/figure><figure class='gallery-item'>\n\t\t\t<div class='gallery-icon landscape'>\n\t\t\t\t<a href='https:\/\/g-tool.ch\/wordpress\/wp-content\/uploads\/2018\/03\/th_galerie-85.png.jpg' rel=\"lightbox[549]\"><img loading=\"lazy\" decoding=\"async\" width=\"150\" height=\"135\" src=\"https:\/\/g-tool.ch\/wordpress\/wp-content\/uploads\/2018\/03\/th_galerie-85.png-150x135.jpg\" class=\"attachment-thumbnail size-thumbnail\" alt=\"\" aria-describedby=\"gallery-1-541\" sizes=\"auto, 100vw\" \/><\/a>\n\t\t\t<\/div>\n\t\t\t\t<figcaption class='wp-caption-text gallery-caption' id='gallery-1-541'>\n\t\t\t\tFalzprofil ohne Radius\n\t\t\t\t<\/figcaption><\/figure><figure class='gallery-item'>\n\t\t\t<div class='gallery-icon landscape'>\n\t\t\t\t<a href='https:\/\/g-tool.ch\/wordpress\/wp-content\/uploads\/2018\/03\/th_galerie-88.png.jpg' rel=\"lightbox[549]\"><img loading=\"lazy\" decoding=\"async\" width=\"150\" height=\"135\" src=\"https:\/\/g-tool.ch\/wordpress\/wp-content\/uploads\/2018\/03\/th_galerie-88.png-150x135.jpg\" class=\"attachment-thumbnail size-thumbnail\" alt=\"\" aria-describedby=\"gallery-1-542\" sizes=\"auto, 100vw\" \/><\/a>\n\t\t\t<\/div>\n\t\t\t\t<figcaption class='wp-caption-text gallery-caption' id='gallery-1-542'>\n\t\t\t\tKranzleistenprofil mit HSK\n\t\t\t\t<\/figcaption><\/figure><figure class='gallery-item'>\n\t\t\t<div class='gallery-icon landscape'>\n\t\t\t\t<a href='https:\/\/g-tool.ch\/wordpress\/wp-content\/uploads\/2018\/03\/th_galerie-116.png.jpg' rel=\"lightbox[549]\"><img loading=\"lazy\" decoding=\"async\" width=\"150\" height=\"135\" src=\"https:\/\/g-tool.ch\/wordpress\/wp-content\/uploads\/2018\/03\/th_galerie-116.png-150x135.jpg\" class=\"attachment-thumbnail size-thumbnail\" alt=\"\" aria-describedby=\"gallery-1-543\" sizes=\"auto, 100vw\" \/><\/a>\n\t\t\t<\/div>\n\t\t\t\t<figcaption class='wp-caption-text gallery-caption' id='gallery-1-543'>\n\t\t\t\tmit Feineinstellung im Treppenauf\n\t\t\t\t<\/figcaption><\/figure><figure class='gallery-item'>\n\t\t\t<div class='gallery-icon landscape'>\n\t\t\t\t<a href='https:\/\/g-tool.ch\/wordpress\/wp-content\/uploads\/2018\/03\/th_galerie-137.png.jpg' rel=\"lightbox[549]\"><img loading=\"lazy\" decoding=\"async\" width=\"150\" height=\"135\" src=\"https:\/\/g-tool.ch\/wordpress\/wp-content\/uploads\/2018\/03\/th_galerie-137.png-150x135.jpg\" class=\"attachment-thumbnail size-thumbnail\" alt=\"\" aria-describedby=\"gallery-1-544\" sizes=\"auto, 100vw\" \/><\/a>\n\t\t\t<\/div>\n\t\t\t\t<figcaption class='wp-caption-text gallery-caption' id='gallery-1-544'>\n\t\t\t\tProfil nach Wunsch\n\t\t\t\t<\/figcaption><\/figure><figure class='gallery-item'>\n\t\t\t<div class='gallery-icon landscape'>\n\t\t\t\t<a href='https:\/\/g-tool.ch\/wordpress\/wp-content\/uploads\/2018\/03\/th_galerie-145.png.jpg' rel=\"lightbox[549]\"><img loading=\"lazy\" decoding=\"async\" width=\"150\" height=\"135\" src=\"https:\/\/g-tool.ch\/wordpress\/wp-content\/uploads\/2018\/03\/th_galerie-145.png-150x135.jpg\" class=\"attachment-thumbnail size-thumbnail\" alt=\"\" aria-describedby=\"gallery-1-545\" sizes=\"auto, 100vw\" \/><\/a>\n\t\t\t<\/div>\n\t\t\t\t<figcaption class='wp-caption-text gallery-caption' id='gallery-1-545'>\n\t\t\t\tStapelwerkzeuge\n\t\t\t\t<\/figcaption><\/figure><figure class='gallery-item'>\n\t\t\t<div class='gallery-icon landscape'>\n\t\t\t\t<a href='https:\/\/g-tool.ch\/wordpress\/wp-content\/uploads\/2018\/03\/th_galerie-170.png.jpg' rel=\"lightbox[549]\"><img loading=\"lazy\" decoding=\"async\" width=\"150\" height=\"135\" src=\"https:\/\/g-tool.ch\/wordpress\/wp-content\/uploads\/2018\/03\/th_galerie-170.png-150x135.jpg\" class=\"attachment-thumbnail size-thumbnail\" alt=\"\" aria-describedby=\"gallery-1-546\" sizes=\"auto, 100vw\" \/><\/a>\n\t\t\t<\/div>\n\t\t\t\t<figcaption class='wp-caption-text gallery-caption' id='gallery-1-546'>\n\t\t\t\tverstellbar 10 &#8211; 70 mm\n\t\t\t\t<\/figcaption><\/figure>\n\t\t<\/div>\n\n","protected":false},"excerpt":{"rendered":"<p>Diese Schleifwerkzeuge geben dem Profil den letzten Schliff! Einsatzbereiche Schleifwerkzeuge: Treppenbau f\u00fcr Treppenwangen und Handl\u00e4ufe Fensterbau f\u00fcr Rahmen, Fl\u00fcgel, Glasleisten T\u00fcren und Fronten f\u00fcr Abplattungen und Zierprofile Profilbretter f\u00fcr die profilierte Fl\u00e4che oder Seite Leistenfabrikation f\u00fcr profilierte und gerade Kanten Holzbau f\u00fcr Leimholzbinder<\/p>\n","protected":false},"author":1,"featured_media":0,"parent":0,"menu_order":0,"comment_status":"closed","ping_status":"closed","template":"","meta":{"footnotes":""},"class_list":["post-549","page","type-page","status-publish","hentry"],"yoast_head":"<!-- This site is optimized with the Yoast SEO plugin v24.5 - https:\/\/yoast.com\/wordpress\/plugins\/seo\/ -->\n<title>Schleifwerkzeuge - GTT TOOL TECHNOLOGY<\/title>\n<meta name=\"robots\" content=\"index, follow, max-snippet:-1, max-image-preview:large, max-video-preview:-1\" \/>\n<link rel=\"canonical\" href=\"https:\/\/g-tool.ch\/wordpress\/?page_id=549\" \/>\n<meta property=\"og:locale\" content=\"de_DE\" \/>\n<meta property=\"og:type\" content=\"article\" \/>\n<meta property=\"og:title\" content=\"Schleifwerkzeuge - GTT TOOL TECHNOLOGY\" \/>\n<meta property=\"og:description\" content=\"Diese Schleifwerkzeuge geben dem Profil den letzten Schliff! Einsatzbereiche Schleifwerkzeuge: Treppenbau f\u00fcr Treppenwangen und Handl\u00e4ufe Fensterbau f\u00fcr Rahmen, Fl\u00fcgel, Glasleisten T\u00fcren und Fronten f\u00fcr Abplattungen und Zierprofile Profilbretter f\u00fcr die profilierte Fl\u00e4che oder Seite Leistenfabrikation f\u00fcr profilierte und gerade Kanten Holzbau f\u00fcr Leimholzbinder\" \/>\n<meta property=\"og:url\" content=\"https:\/\/g-tool.ch\/wordpress\/?page_id=549\" \/>\n<meta property=\"og:site_name\" content=\"GTT TOOL TECHNOLOGY\" \/>\n<meta property=\"article:modified_time\" content=\"2020-01-03T15:22:03+00:00\" \/>\n<meta property=\"og:image\" content=\"https:\/\/g-tool.ch\/wordpress\/wp-content\/uploads\/2016\/12\/Schleifen-Kopf-1-e1549729803472-150x150.jpeg\" \/>\n<meta name=\"twitter:card\" content=\"summary_large_image\" \/>\n<script type=\"application\/ld+json\" class=\"yoast-schema-graph\">{\"@context\":\"https:\/\/schema.org\",\"@graph\":[{\"@type\":\"WebPage\",\"@id\":\"https:\/\/g-tool.ch\/wordpress\/?page_id=549\",\"url\":\"https:\/\/g-tool.ch\/wordpress\/?page_id=549\",\"name\":\"Schleifwerkzeuge - GTT TOOL TECHNOLOGY\",\"isPartOf\":{\"@id\":\"https:\/\/g-tool.ch\/wordpress\/#website\"},\"datePublished\":\"2018-03-04T16:15:11+00:00\",\"dateModified\":\"2020-01-03T15:22:03+00:00\",\"breadcrumb\":{\"@id\":\"https:\/\/g-tool.ch\/wordpress\/?page_id=549#breadcrumb\"},\"inLanguage\":\"de\",\"potentialAction\":[{\"@type\":\"ReadAction\",\"target\":[\"https:\/\/g-tool.ch\/wordpress\/?page_id=549\"]}]},{\"@type\":\"BreadcrumbList\",\"@id\":\"https:\/\/g-tool.ch\/wordpress\/?page_id=549#breadcrumb\",\"itemListElement\":[{\"@type\":\"ListItem\",\"position\":1,\"name\":\"Startseite\",\"item\":\"https:\/\/g-tool.ch\/wordpress\/\"},{\"@type\":\"ListItem\",\"position\":2,\"name\":\"Schleifwerkzeuge\"}]},{\"@type\":\"WebSite\",\"@id\":\"https:\/\/g-tool.ch\/wordpress\/#website\",\"url\":\"https:\/\/g-tool.ch\/wordpress\/\",\"name\":\"GTT TOOL TECHNOLOGY\",\"description\":\"Hochleistungswerkzeuge\",\"publisher\":{\"@id\":\"https:\/\/g-tool.ch\/wordpress\/#organization\"},\"potentialAction\":[{\"@type\":\"SearchAction\",\"target\":{\"@type\":\"EntryPoint\",\"urlTemplate\":\"https:\/\/g-tool.ch\/wordpress\/?s={search_term_string}\"},\"query-input\":{\"@type\":\"PropertyValueSpecification\",\"valueRequired\":true,\"valueName\":\"search_term_string\"}}],\"inLanguage\":\"de\"},{\"@type\":\"Organization\",\"@id\":\"https:\/\/g-tool.ch\/wordpress\/#organization\",\"name\":\"GTT TOOL TECHNOLOGY\",\"url\":\"https:\/\/g-tool.ch\/wordpress\/\",\"logo\":{\"@type\":\"ImageObject\",\"inLanguage\":\"de\",\"@id\":\"https:\/\/g-tool.ch\/wordpress\/#\/schema\/logo\/image\/\",\"url\":\"https:\/\/g-tool.ch\/wordpress\/wp-content\/uploads\/2016\/12\/gtt_tool_technology_cmyk-e1482240708772.jpg\",\"contentUrl\":\"https:\/\/g-tool.ch\/wordpress\/wp-content\/uploads\/2016\/12\/gtt_tool_technology_cmyk-e1482240708772.jpg\",\"width\":548,\"height\":792,\"caption\":\"GTT TOOL TECHNOLOGY\"},\"image\":{\"@id\":\"https:\/\/g-tool.ch\/wordpress\/#\/schema\/logo\/image\/\"}}]}<\/script>\n<!-- \/ Yoast SEO plugin. -->","yoast_head_json":{"title":"Schleifwerkzeuge - GTT TOOL TECHNOLOGY","robots":{"index":"index","follow":"follow","max-snippet":"max-snippet:-1","max-image-preview":"max-image-preview:large","max-video-preview":"max-video-preview:-1"},"canonical":"https:\/\/g-tool.ch\/wordpress\/?page_id=549","og_locale":"de_DE","og_type":"article","og_title":"Schleifwerkzeuge - GTT TOOL TECHNOLOGY","og_description":"Diese Schleifwerkzeuge geben dem Profil den letzten Schliff! Einsatzbereiche Schleifwerkzeuge: Treppenbau f\u00fcr Treppenwangen und Handl\u00e4ufe Fensterbau f\u00fcr Rahmen, Fl\u00fcgel, Glasleisten T\u00fcren und Fronten f\u00fcr Abplattungen und Zierprofile Profilbretter f\u00fcr die profilierte Fl\u00e4che oder Seite Leistenfabrikation f\u00fcr profilierte und gerade Kanten Holzbau f\u00fcr Leimholzbinder","og_url":"https:\/\/g-tool.ch\/wordpress\/?page_id=549","og_site_name":"GTT TOOL TECHNOLOGY","article_modified_time":"2020-01-03T15:22:03+00:00","og_image":[{"url":"https:\/\/g-tool.ch\/wordpress\/wp-content\/uploads\/2016\/12\/Schleifen-Kopf-1-e1549729803472-150x150.jpeg","type":"","width":"","height":""}],"twitter_card":"summary_large_image","schema":{"@context":"https:\/\/schema.org","@graph":[{"@type":"WebPage","@id":"https:\/\/g-tool.ch\/wordpress\/?page_id=549","url":"https:\/\/g-tool.ch\/wordpress\/?page_id=549","name":"Schleifwerkzeuge - GTT TOOL TECHNOLOGY","isPartOf":{"@id":"https:\/\/g-tool.ch\/wordpress\/#website"},"datePublished":"2018-03-04T16:15:11+00:00","dateModified":"2020-01-03T15:22:03+00:00","breadcrumb":{"@id":"https:\/\/g-tool.ch\/wordpress\/?page_id=549#breadcrumb"},"inLanguage":"de","potentialAction":[{"@type":"ReadAction","target":["https:\/\/g-tool.ch\/wordpress\/?page_id=549"]}]},{"@type":"BreadcrumbList","@id":"https:\/\/g-tool.ch\/wordpress\/?page_id=549#breadcrumb","itemListElement":[{"@type":"ListItem","position":1,"name":"Startseite","item":"https:\/\/g-tool.ch\/wordpress\/"},{"@type":"ListItem","position":2,"name":"Schleifwerkzeuge"}]},{"@type":"WebSite","@id":"https:\/\/g-tool.ch\/wordpress\/#website","url":"https:\/\/g-tool.ch\/wordpress\/","name":"GTT TOOL TECHNOLOGY","description":"Hochleistungswerkzeuge","publisher":{"@id":"https:\/\/g-tool.ch\/wordpress\/#organization"},"potentialAction":[{"@type":"SearchAction","target":{"@type":"EntryPoint","urlTemplate":"https:\/\/g-tool.ch\/wordpress\/?s={search_term_string}"},"query-input":{"@type":"PropertyValueSpecification","valueRequired":true,"valueName":"search_term_string"}}],"inLanguage":"de"},{"@type":"Organization","@id":"https:\/\/g-tool.ch\/wordpress\/#organization","name":"GTT TOOL TECHNOLOGY","url":"https:\/\/g-tool.ch\/wordpress\/","logo":{"@type":"ImageObject","inLanguage":"de","@id":"https:\/\/g-tool.ch\/wordpress\/#\/schema\/logo\/image\/","url":"https:\/\/g-tool.ch\/wordpress\/wp-content\/uploads\/2016\/12\/gtt_tool_technology_cmyk-e1482240708772.jpg","contentUrl":"https:\/\/g-tool.ch\/wordpress\/wp-content\/uploads\/2016\/12\/gtt_tool_technology_cmyk-e1482240708772.jpg","width":548,"height":792,"caption":"GTT TOOL TECHNOLOGY"},"image":{"@id":"https:\/\/g-tool.ch\/wordpress\/#\/schema\/logo\/image\/"}}]}},"_links":{"self":[{"href":"https:\/\/g-tool.ch\/wordpress\/index.php?rest_route=\/wp\/v2\/pages\/549","targetHints":{"allow":["GET"]}}],"collection":[{"href":"https:\/\/g-tool.ch\/wordpress\/index.php?rest_route=\/wp\/v2\/pages"}],"about":[{"href":"https:\/\/g-tool.ch\/wordpress\/index.php?rest_route=\/wp\/v2\/types\/page"}],"author":[{"embeddable":true,"href":"https:\/\/g-tool.ch\/wordpress\/index.php?rest_route=\/wp\/v2\/users\/1"}],"replies":[{"embeddable":true,"href":"https:\/\/g-tool.ch\/wordpress\/index.php?rest_route=%2Fwp%2Fv2%2Fcomments&post=549"}],"version-history":[{"count":6,"href":"https:\/\/g-tool.ch\/wordpress\/index.php?rest_route=\/wp\/v2\/pages\/549\/revisions"}],"predecessor-version":[{"id":891,"href":"https:\/\/g-tool.ch\/wordpress\/index.php?rest_route=\/wp\/v2\/pages\/549\/revisions\/891"}],"wp:attachment":[{"href":"https:\/\/g-tool.ch\/wordpress\/index.php?rest_route=%2Fwp%2Fv2%2Fmedia&parent=549"}],"curies":[{"name":"wp","href":"https:\/\/api.w.org\/{rel}","templated":true}]}}